mainder when 456 is divided by 77.
71
What is the remainder when 1271 is divided by 19?
17
Calculate the remainder when 186 is divided by 44.
10
What is the remainder when 114 is divided by 20?
14
Calculate the remainder when 255 is divided by 56.
31
What is the remainder when 199 is divided by 17?
12
Calculate the remainder when 764 is divided by 59.
56
What is the remainder when 90 is divided by 47?
43
Calculate the remainder when 137 is divided by 21.
11
Calculate the remainder when 253 is divided by 93.
67
What is the remainder when 159 is divided by 42?
33
What is the remainder when 341 is divided by 172?
169
What is the remainder when 759 is divided by 19?
18
What is the remainder when 246 is divided by 40?
6
Calculate the remainder when 1335 is divided by 178.
89
Calculate the remainder when 65 is divided by 22.
21
What is the remainder when 13 is divided by 2?
1
Calculate the remainder when 283 is divided by 16.
11
What is the remainder when 1060 is divided by 155?
130
What is the remainder when 4629 is divided by 68?
5
What is the remainder when 590 is divided by 184?
38
Calculate the remainder when 228 is divided by 61.
45
What is the remainder when 1351 is divided by 23?
17
Calculate the remainder when 334 is divided by 164.
6
Calculate the remainder when 796 is divided by 80.
76
What is the remainder when 109 is divided by 54?
1
What is the remainder when 79 is divided by 27?
25
Calculate the remainder when 83 is divided by 22.
17
What is the remainder when 1203 is divided by 67?
64
Calculate the remainder when 2084 is divided by 29.
25
What is the remainder when 231 is divided by 97?
37
Calculate the remainder when 119 is divided by 25.
19
What is the remainder when 16 is divided by 16?
0
Calculate the remainder when 693 is divided by 28.
21
What is the remainder when 97 is divided by 92?
5
What is the remainder when 834 is divided by 42?
36
Calculate the remainder when 226 is divided by 43.
11
What is the remainder when 5334 is divided by 184?
182
Calculate the remainder when 91 is divided by 31.
29
Calculate the remainder when 1631 is divided by 86.
83
What is the remainder when 516 is divided by 475?
41
Calculate the remainder when 3038 is divided by 76.
74
Calculate the remainder when 465 is divided by 12.
9
What is the remainder when 894 is divided by 20?
14
Calculate the remainder when 314 is divided by 29.
24
Calculate the remainder when 1244 is divided by 49.
19
What is the remainder when 84 is divided by 31?
22
Calculate the remainder when 217 is divided by 22.
19
Calculate the remainder when 2816 is divided by 134.
2
What is the remainder when 254 is divided by 17?
16
Calculate the remainder when 381 is divided by 304.
77
Calculate the remainder when 1669 is divided by 62.
57
Calculate the remainder when 583 is divided by 186.
25
Calculate the remainder when 9 is divided by 2.
1
Calculate the remainder when 1437 is divided by 24.
21
Calculate the remainder when 215 is divided by 23.
8
What is the remainder when 1088 is divided by 39?
35
What is the remainder when 6495 is divided by 29?
28
Calculate the remainder when 252 is divided by 32.
28
Calculate the remainder when 69 is divided by 8.
5
Calculate the remainder when 775 is divided by 19.
15
Calculate the remainder when 165 is divided by 154.
11
What is the remainder when 146 is divided by 39?
29
Calculate the remainder when 480 is divided by 221.
38
Calculate the remainder when 117 is divided by 7.
5
Calculate the remainder when 2979 is divided by 990.
9
Calculate the remainder when 535 is divided by 71.
38
Calculate the remainder when 440 is divided by 116.
92
What is the remainder when 584 is divided by 274?
36
What is the remainder when 256 is divided by 29?
24
What is the remainder when 2547 is divided by 150?
147
What is the remainder when 777 is divided by 33?
18
Calculate the remainder when 796 is divided by 20.
16
What is the remainder when 226 is divided by 26?
18
What is the remainder when 996 is divided by 42?
30
Calculate the remainder when 49 is divided by 23.
3
What is the remainder when 5957 is divided by 3?
2
Calculate the remainder when 94 is divided by 31.
1
Calculate the remainder when 53 is divided by 31.
22
What is the remainder when 368 is divided by 21?
11
Calculate the remainder when 4261 is divided by 82.
79
Calculate the remainder when 2323 is divided by 573.
31
Calculate the remainder when 169 is divided by 12.
1
What is the remainder when 166 is divided by 12?
10
Calculate the remainder when 555 is divided by 437.
118
Calculate the remainder when 3816 is divided by 20.
16
What is the remainder when 3228 is divided by 202?
198
What is the remainder when 37 is divided by 5?
2
Calculate the remainder when 59 is divided by 36.
23
What is the remainder when 1334 is divided by 199?
140
Calculate the remainder when 85 is divided by 33.
19
Calculate the remainder when 262 is divided by 100.
62
Calculate the remainder when 217 is divided by 29.
14
Calculate the remainder when 399 is divided by 69.
54
Calculate the remainder when 430 is divided by 226.
204
Calculate the remainder when 60 is divided by 32.
28
Calculate the remainder when 118 is divided by 26.
14
Calculate the remainder when 883 is divided by 68.
67
What is the remainder when 1443 is divided by 492?
459
Calculate the remainder when 131 is divided by 46.
39
Calculate the remainder when 6350 is divided by 159.
149
Calculate the remainder when 803 is divided by 799.
4
Calculate the remainder when 543 is divided by 42.
39
What is the remainder when 15 is divided by 9?
6
Calculate the remainder when 208 is divided by 24.
16
Calculate the remainder when 777 is divided by 9.
3
Calculate the remainder when 377 is divided by 10.
7
What is the remainder when 173 is divided by 31?
18
What is the remainder when 681 is divided by 6?
3
Calculate the remainder when 326 is divided by 67.
58
Calculate the remainder when 122 is divided by 90.
32
Calculate the remainder when 212 is divided by 33.
14
Calculate the remainder when 404 is divided by 33.
8
Calculate the remainder when 238 is divided by 20.
18
Calculate the remainder when 403 is divided by 193.
17
Calculate the remainder when 5491 is divided by 46.
17
What is the remainder when 1668 is divided by 236?
16
What is the remainder when 4550 is divided by 111?
110
What is the remainder when 176 is divided by 32?
16
Calculate the remainder when 602 is divided by 16.
10
Calculate the remainder when 58 is divided by 10.
8
What is the remainder when 1727 is divided by 36?
35
Calculate the remainder when 22 is divided by 9.
4
Calculate the remainder when 41 is divided by 14.
13
Calculate the remainder when 2195 is divided by 122.
121
Calculate the remainder when 492 is divided by 118.
20
What is the remainder when 3833 is divided by 75?
8
What is the remainder when 120 is divided by 31?
27
Calculate the remainder when 260 is divided by 120.
20
What is the remainder when 1734 is divided by 242?
40
What is the remainder when 6261 is divided by 62?
61
Calculate the remainder when 801 is divided by 790.
11
Calculate the remainder when 803 is divided by 78.
23
What is the remainder when 534 is divided by 299?
235
What is the remainder when 3302 is divided by 1095?
17
What is the remainder when 454 is divided by 24?
22
What is the remainder when 249 is divided by 153?
96
Calculate the remainder when 1399 is divided by 101.
86
Calculate the remainder when 63 is divided by 15.
3
What is the remainder when 71 is divided by 37?
34
Calculate the remainder when 5963 is divided by 213.
212
What is the remainder when 232 is divided by 16?
8
What is the remainder when 492 is divided by 29?
28
What is the remainder when 97 is divided by 20?
17
What is the remainder when 8 is divided by 3?
2
Calculate the remainder when 377 is divided by 20.
17
What is the remainder when 39 is divided by 7?
4
What is the remainder when 29 is divided by 19?
10
Calculate the remainder when 6143 is divided by 48.
47
What is the remainder when 1860 is divided by 21?
12
Calculate the remainder when 30 is divided by 12.
6
Calculate the remainder when 235 is divided by 65.
40
What is the remainder when 393 is divided by 36?
33
What is the remainder when 8272 is divided by 2755?
7
Calculat